0 = 0. Let d = z + n. Calculate the remainder when d is divided by 7.
5
Let s(b) = -6*b + 9. Calculate the remainder when s(-3) is divided by 7.
6
Calculate the remainder when (0 - (-149)/(-3))*33/(-11) is divided by 52.
45
Suppose 4*d - 2*a + 46 = 0, -4*a = -3*d + d - 26. Let c = d + 13. What is the remainder when c is divided by 1?
0
Let v = 58 - 37. What is the remainder when 37 is divided by v?
16
Let y = 24 + -11. What is the remainder when y is divided by 6?
1
Let s(c) = -c + 9. Let z = -1 - -4. What is the remainder when s(5) is divided by z?
1
Let q be 5/(-2)*(-172)/5. Suppose -2*g = -2*t + q, 2*t + 2*g + 27 = 125. Suppose -27 - 21 = -3*o. Calculate the remainder when t is divided by o.
14
Suppose -126 - 144 = -5*i - 5*g, -2*g = 3*i - 161. Calculate the remainder when i is divided by 14.
11
Suppose -5*h + 66 = h. What is the remainder when h is divided by 6?
5
Suppose 4*n - 6*n - 96 = 0. Let v = n + 116. Calculate the remainder when 20 is divided by 1/(-3) + v/6.
9
Suppose 0 = 4*d - 6*d + 14. What is the remainder when 2*(-1)/(-1) - -10 is divided by d?
5
Suppose -2*p - 4*w - 17 = -55, -2*w = 2*p - 42. Suppose -z + 2*b + 81 = 0, 0 = -z + 4*b + 16 + 55. Calculate the remainder when z is divided by p.
22
Let a = 7 - -22. What is the remainder when a is divided by 15?
14
Suppose -88 = 2*u - 4*c, -24 = -5*u + 2*c - 260. Calculate the remainder when 6 is divided by (u/(-18))/(2/3).
2
Let i(z) = z**3 - 7*z**2 + z - 4. Suppose -d - 10 = -2*v + 9, 3*d = 3*v - 36. Calculate the remainder when (-4)/(48/(-15))*4 is divided by i(v).
2
Let b be 1*(0 - 3) + 3. Let w(k) = k**2 + 7. Calculate the remainder when 11 is divided by w(b).
4
Let q(w) = w + 10. Let t be q(-10). Suppose 3*i + i - 44 = t. Calculate the remainder when 64 is divided by i.
9
Let v = -3 + 5. Calculate the remainder when 58 is divided by ((-1 - 21) + v)*-1.
18
Suppose -6*t + 6 = -3*t. Suppose -y + t*n = -n - 23, 106 = 4*y + 2*n. Calculate the remainder when y is divided by 9.
8
Calculate the remainder when 2/(-9) + 1022/63 is divided by 9.
7
What is the remainder when 1/2 - (225/(-10) - -1) is divided by 14?
8
Suppose -x = -2*v + 10, -3*v + 3*x = -6*v - 3. Suppose -v*a = -6*a + 5*s - 25, -2*s + 10 = 0. Calculate the remainder when 54 + -1 + (-1 - a) is divided by 18.
16
Suppose -m = -o + 15, -3*o - 7 + 51 = -2*m. What is the remainder when o is divided by 4?
2
Let i = 0 - -3. Suppose -q = -i*q. Suppose q = w - 1 - 14. Calculate the remainder when 29 is divided by w.
14
Suppose g - 5*g + 220 = 0. Suppose h + 2 = g. What is the remainder when h is divided by 18?
17
Let v(g) = g**3 - 5*g**2 + 9*g - 15. What is the remainder when v(6) is divided by 19?
18
Suppose -3*i = -l - 6, 2*l - 21 = -3*i + 3. Calculate the remainder when 22 is divided by l.
4
Let s(d) = -4*d - 1. Calculate the remainder when s(-6) is divided by 8.
7
Suppose 7*g - 6*g = 15. What is the remainder when 29 is divided by (g - (2 + -3))/1?
13
Let d be (-1 - (-3)/3) + 3. Let c = d - 1. What is the remainder when c is divided by 1?
0
Let d(l) = -l**3 + 7*l**2 - 4*l + 15. Calculate the remainder when d(5) is divided by 24.
21
Suppose -4*b + 3*h = h - 6, -12 = 2*b - 4*h. Let a = 9 + b. Suppose -5*r - 13 = -2*n + 3*n, 5*n - 5*r = 55. What is the remainder when a is divided by n?
6
Let p = -3 - 3. Let t = 4 - p. Calculate the remainder when 10/4 - 5/t is divided by 1.
0
Let h(x) = 5*x - 11. Let r(n) = n - 1. Let b(z) = h(z) - 2*r(z). Calculate the remainder when b(7) is divided by 5.
2
Suppose 2*r = 7*r - 250. Let h = -1 - -1. Suppose -d + h*d = -17. Calculate the remainder when r is divided by d.
16
Let w = -11 + 7. Calculate the remainder when ((-3)/(-2))/((-3)/(-30)) is divided by w*2*(1 + -2).
7
Let p(b) = 2*b - 6. Let z be p(15). Let i = 2 + 5. Calculate the remainder when z/8 - (-23 - -1) is divided by i.
4
Suppose 102 = 6*d - 18. What is the remainder when 35 is divided by d?
15
Let y(p) = 2*p**2 - 13*p + 37. What is the remainder when y(6) is divided by 16?
15
Let t be 1 - 12*(0 - -2). Calculate the remainder when 10 is divided by 1/4 - t/4.
4
Suppose y - 4*m = 28, -2*m - m = y - 7. What is the remainder when 45 is divided by y?
13
Suppose b = 5*d - 3*b - 291, 4*b - 204 = -4*d. Calculate the remainder when d is divided by 29.
26
Suppose 11*i = 228 + 47. What is the remainder when i is divided by -6*(-10)/4 - 1?
11
Let f(k) = k**2 + 5*k - 2. Let m be f(-5). Calculate the remainder when 14 is divided by (22/(-6) - m)*-3.
4
Let g = 39 + -25. What is the remainder when g is divided by 6?
2
Suppose 0 = -5*b + r - 3*r + 31, 0 = -4*b - r + 23. Calculate the remainder when 18 is divided by b.
3
Suppose 39*j = 42*j - 108. Calculate the remainder when 70 is divided by j.
34
Let s = -32 - -58. Let x(t) = -3 + 0*t**3 - 5*t**3 - 6*t**2 - 2*t + 4*t**3. What is the remainder when s is divided by x(-6)?
8
Let z(s) = s**2 - 3*s + 2. Let y be z(2). Let h(k) = 1 + 18 + k**2 - k + 1. What is the remainder when h(y) is divided by 7?
6
Suppose -k = -2*d - 17, 6 - 17 = -k - d. Suppose 4*p - 37 = 115. What is the remainder when p is divided by k?
12
What is the remainder when ((-133)/(-14))/((-2)/(-8)) is divided by 13?
12
Suppose -25*v + 162 = -22*v. What is the remainder when v is divided by 20?
14
Suppose 0*l - 4*l = -8. Suppose -r + 17 = 4*f, l - 14 = -4*f. What is the remainder when 27 is divided by r?
2
Suppose 6*z - 13*z + 1883 = 0. Calculate the remainder when z is divided by 54.
53
Let n be 11/3 + (-1)/(-3). Suppose 0*o + 136 = n*o. Suppose -29 = -3*f + h, f - 4 = -3*h - 1. What is the remainder when o is divided by f?
7
Let y be 1 - (-1 + -2)/3. Let c(l) = 3*l - 2. Let k be c(y). Calculate the remainder when 2/k - 69/(-6) is divided by 7.
5
Let k(i) = i**3 - i**2 - 1. Let g be k(2). Suppose 3*p - 60 = -x, -g*x - 40 = -2*p - 2*x. What is the remainder when 58 is divided by p?
18
Suppose -4*m + 1058 = 3*d, 0 = -m + 2*d + 16 + 243. Suppose 0 = -3*u + 160 + m. Calculate the remainder when u is divided by 36.
33
Let c(k) = -k**3 + 6*k**2 - 5. Calculate the remainder when 56 is divided by c(5).
16
Let q(n) = 2*n - 1. Let w(b) = -b + 6. Let c be w(7). Let l = c + 5. Calculate the remainder when q(l) is divided by 4.
3
Suppose -7*c + 686 = 84. What is the remainder when c is divided by 22?
20
Suppose 7*a - 2*a = 175. Calculate the remainder when a is divided by 9.
8
Let w(z) = 8*z**2 - z - 2. Let u be w(-3). Suppose u + 2 = 5*q. Calculate the remainder when (-1)/(-6) + 1557/54 is divided by q.
14
Suppose -4*v + 0 = -20. Suppose 0*g + g - 89 = -2*h, 0 = 3*h + g - 133. Suppose -d - h = -v*d. Calculate the remainder when 21 is divided by d.
10
Let z(y) = 111*y - 1. Calculate the remainder when z(1) is divided by 28.
26
Let y = 7 - 2. Let k(g) = 2*g**2 + 2*g + 2. What is the remainder when y is divided by k(-1)?
1
Let q be 567/12 + 12/16. Calculate the remainder when (2/6)/(4/q) is divided by 2.
0
Calculate the remainder when 6 is divided by (-8)/36 + (-100)/(-45).
0
Let n(q) = 4*q**2 - 2*q + 3. What is the remainder when (-508)/(-18) - 2/9 is divided by n(2)?
13
Let u(y) = y**2 + 8*y - 7. Let x be u(-9). Suppose 4*h - 6 - x = 0. Calculate the remainder when 3/h*(-76)/(-6) is divided by 10.
9
Suppose 0 = h + 3*h - 44. Let r = 18 + h. Let s = r + 1. Calculate the remainder when s is divided by 16.
14
Suppose -h - 6 = -3*q + 2*q, 0 = 5*q + 3*h - 6. Suppose q*s - a = a + 124, 0 = -3*a + 3. What is the remainder when s is divided by (-62)/(-6) + (-2)/(-3)?
9
Let y = -20 - -22. What is the remainder when 3 is divided by y?
1
Suppose 0 = -2*n + 4*n + 42. Let v = 30 + n. Suppose v*q = 6*q + 69. Calculate the remainder when q is divided by 8.
7
Let j = 29 - 9. What is the remainder when 79 is divided by j?
19
Let l(r) = -26*r + 6. What is the remainder when l(-1) is divided by 9?
5
Calculate the remainder when -2 + 2 + 4 + (4 - -159) is divided by 42.
41
Let a(n) = 16*n - 11. Let r be a(8). Suppose -k + 5*k = -5*z + r, 2*z = -2*k + 56. What is the remainder when k is divided by ((-10)/25)/(3/(-60))?
7
Suppose -g = -32 + 7. Suppose 2*q + 0*q - 28 = 0. Calculate the remainder when g is divided by q.
11
Let r(y) = -y**2 + 2*y. Let a be r(2). Suppose 4*l - 5*k - 114 = a, 3*l - 12 - 60 = -3*k. Let f = l + -1. Calculate the remainder when f is divided